3/6 - 32*b**2. Give m(3).
5
Let p(r) = 2*r**3 + 9*r**2 - 6*r - 5. Let v be p(-5). Let q(s) be the third derivative of v + 1/60*s**5 + 0*s + 1/3*s**3 - 1/24*s**4 + s**2. Determine q(2).
4
Let z(t) = 8*t - 37. Let k be z(5). Let b(d) = 2*d - 2. Determine b(k).
4
Let c be ((-2)/6)/(2/198*3). Let z(r) = -r**2 - 10*r + 6. Calculate z(c).
-5
Let l(p) = p**3 - p**2 + p - 10. Let w(y) = -2*y - 9. Let j be w(-7). Let k = j - 2. Let t = k - 3. Determine l(t).
-10
Suppose -2*o = 3*o. Let m(d) = o*d + 0*d + 4*d**2 - d. Determine m(-1).
5
Let l(q) = -4*q**2 - 2*q - 1 + 2*q**2 + 0*q**2 - q**3. Suppose -5*w + 3 = -2*w. Let r be 0 + 1 + -1 - w. What is l(r)?
0
Let u = 0 - -3. Suppose -r + 6*v - 4*v + 9 = 0, 0 = u*r - v - 17. Let b(n) = -r + 4*n + n**2 + 1 - 3*n**2 + 1. Determine b(2).
-3
Suppose l + 2 = 1. Let t(r) = 4*r. What is t(l)?
-4
Let r(w) = w + 10. Let n be r(-7). Let j(f) = f**n + 4*f**2 - 24 + 20 - 6*f + 8. Give j(-5).
9
Let l(t) be the third derivative of 0 - 1/30*t**5 - 1/12*t**4 - 4*t**2 + 0*t + 0*t**3. Suppose 3*o + o = -8. Calculate l(o).
-4
Let r(o) = -o**2 + 10*o + 6. Let w be r(10). Let v(d) = -d. What is v(w)?
-6
Let b(o) = -o**3 - 3*o**2 + o + 4. Let u(l) = l**3 - 3*l**2 + 2*l - 3. Let t be u(2). Determine b(t).
1
Suppose 2*r = r - 3. Let l(u) = 4*u + 3. Calculate l(r).
-9
Let x(l) = 3*l**3 - 4*l**3 - 20*l + 20 - 7 + 10*l**2 + 9*l. Give x(9).
-5
Suppose 2*c - 5 - 3 = 0. Let m(u) = u**3 - 5*u**2 - 4*u - 3. Let z = 2 + -1. Let j(l) = -l**2 + 1. Let a(y) = z*m(y) - 2*j(y). Calculate a(c).
-5
Let p(f) = f**3 - 2*f**2. Let j = -31 + 51. Suppose i - j = -4*i. Suppose i*t = -2*w + 12, -w + 3*w = 3*t - 2. Give p(t).
0
Let b(d) be the third derivative of 7*d**6/360 + d**4/24 + d**3/3 - 2*d**2. Let n(t) be the first derivative of b(t). Suppose 2*y - 2 = 4*y. What is n(y)?
8
Let w(x) = -x**3 + 3*x**2 + 4*x. Let b be w(4). Suppose b = f - 0*f - 5. Let p(l) = l - 10. Let r(t) = t - 9. Let v(j) = -4*p(j) + 5*r(j). Give v(f).
0
Let v(b) = -3*b**3 + 7*b**2 + 19*b + 15. Let t(w) = -2*w**3 + 3*w**2 + 10*w + 8. Let j(a) = -5*t(a) + 3*v(a). Determine j(-5).
-5
Let s = 82 + -77. Let v(w) = -w**3 + 4*w**2 + 4*w - 4. Calculate v(s).
-9
Suppose 0*s - 4*s = 4*q, -4 = 2*s + 3*q. Let f(z) = z - 7. What is f(s)?
-3
Let u(l) be the first derivative of 3 + 0*l**2 + 5/6*l**3 - 4*l. Let m(c) be the first derivative of u(c). What is m(-2)?
-10
Let t(y) = y**2 - 5*y + 1. Suppose -2*c - 3*m = 2 + 3, 2*m + 25 = 3*c. Let s(v) = 3*v + 4 + v - c*v. Let p be s(2). Determine t(p).
-5
Let v(m) = 2*m**3 - 5*m**2 - 3*m - 5. Let q(j) = -j - 10. Let l be q(-5). Let s(g) = -g**3 + 3*g**2 + 2*g + 3. Let r(b) = l*s(b) - 3*v(b). Give r(0).
0
Suppose 0 = -4*x + 17*x - 13. Let a(s) = 6*s + 1. What is a(x)?
7
Let y(t) = 11*t**2 + 18*t - 4. Let v(x) = 5*x**2 + 9*x - 2. Let q(w) = 9*v(w) - 4*y(w). Let j be q(-9). Let a(i) = i**3 + 2*i**2 - i - 1. Calculate a(j).
1
Let i(c) = c + 3*c - 4*c**2 - 4 + 2*c + 5*c**2. Calculate i(-6).
-4
Let z = 22 - 16. Let s(k) = -5*k. Let g(r) = 6*r + 1. Let w(x) = z*g(x) + 7*s(x). Let p be (0 - 0/3)*-1. Give w(p).
6
Let z(u) = -u. Let q be z(-4). Suppose -q*t = 0, -3*t + 9 = 2*d + d. Let n(g) be the first derivative of g**2 - 4*g + 3. What is n(d)?
2
Let v(o) = o**2 - 3*o - 7. Let b(k) = -8*k - 2. Let u be b(-2). Let m be (-14)/(-4) - (-21)/u. Determine v(m).
3
Let j(g) = 6*g**3 + 4*g**2 + 14*g + 9. Let r(a) = a**3 - a**2 + a + 1. Let o(l) = -j(l) + 5*r(l). What is o(-8)?
4
Suppose 3*r - 6*r = -9. Let z(d) = 8 - 9 + d - 3 - r*d. Determine z(-5).
6
Let q(y) = -y**2 + 5*y - 3. Let a(b) = 6*b - 3. Let v be a(4). Let i be 6/v + 80/14. Give q(i).
-9
Let s(v) = -2*v**2 + 11*v - 15. Let f(l) = -l**2 + 5*l - 8. Let r(b) = -7*f(b) + 4*s(b). Calculate r(8).
4
Suppose -4*a + 8 = 2*g, g + 15 = 5*a - 9. Let i(n) = -6 - 8*n**2 - n**3 + a + 5*n**2 - 3*n. Calculate i(-3).
7
Let s(c) = -c**2 + 3*c. Let t(p) = 3*p - 4*p + 0*p**2 + 3 - p**2. Let x be t(0). Suppose 4*a + x = 15. Calculate s(a).
0
Let u(c) = c - 1. Let f be u(4). Let t(o) = -o**3 + o**2 + 3. Determine t(f).
-15
Let r(i) = i**3 + 5*i**2 + 5*i + 3. Let u(x) be the third derivative of x**6/30 + x**3/6 - x**2. Suppose -n + 6*n + 5 = 0. Let m be u(n). Determine r(m).
6
Suppose 4*n + 3 = 7. Let i(b) = -7*b**2 + 2*b + 1. Let y(f) = -28*f**2 + 9*f + 4. Let t(p) = 9*i(p) - 2*y(p). Give t(n).
-6
Suppose 11 + 5 = 4*i. Suppose 5*t = -i*q + 12, 3*t - 14 = -q + 2*q. Let b(l) = 1 + 6*l**2 - 2*l**2 + l - 2*l**2 + 0. What is b(q)?
7
Let p(g) = 3*g + 10. Let a(b) = -2*b - 5. Let r(l) = 5*a(l) + 3*p(l). Calculate r(-6).
11
Let a(y) = -y**3 + 3*y**2 + 2*y - 2. Let g be a(3). Let l(u) = g*u + 2 - 5*u - 3*u. What is l(2)?
-6
Let w(d) = -4*d - 2. Let s(o) = o + 1. Let y be s(3). Let v be y/(-18) + (-16)/9. Let r be (-20)/50*(-10)/v. Determine w(r).
6
Let q(v) be the second derivative of -1/6*v**3 + 1/12*v**4 + 1/20*v**5 + 0 + 0*v**2 + 2*v. Let z(c) = c**2 + 5*c + 3. Let m be z(-4). Calculate q(m).
1
Let x(s) = -7*s**2 + 11*s - 4. Let g(c) = -3*c**2 + 5*c - 2. Let i(j) = -9*g(j) + 4*x(j). Suppose 10*d - 5*d = -15. Calculate i(d).
-4
Let s be (1 - 1)/(1/1). Let r = -5 + s. Let i(m) = -8 + 3*m + 10 + 3*m + m**2. What is i(r)?
-3
Let i = -17 - -13. Let x(r) be the first derivative of -r**3/3 - r**2 - 2*r + 2. What is x(i)?
-10
Let i(m) = m**3 - 2*m**2 - m. Let w be (6/4)/((-12)/80). Let r = w - -13. Determine i(r).
6
Suppose -3*x = 26*n - 22*n, -4 = -4*n - 4*x. Let s(p) = -p**2 - 2 + 0*p**2 + 1 - 3*p. Calculate s(n).
-1
Let t(l) = -9*l**2 + 1. Let p be -7 - -5 - (-1 + 27). Let z = -27 - p. Give t(z).
-8
Suppose 4*g - 56 = -0*g. Suppose o + 5*s - g = 0, -o - 5*s + 13 = o. Let r(x) = 11*x**2. Let u(v) = 22*v**2. Let c(k) = -9*r(k) + 4*u(k). Determine c(o).
-11
Let q(u) be the first derivative of -1/3*u**3 - 6*u - 1 + 5/2*u**2. Let g be ((-2)/(-6))/(1/15). Determine q(g).
-6
Let k = -3 - 0. Let s = -8 - k. Let u(n) = -n**3 - 5*n**2. Calculate u(s).
0
Let s(l) = -l**2 - l + 1. Let m(x) = x**2 + x + 1. Let o(z) = -m(z) - 2*s(z). Give o(3).
9
Let s(l) = 3*l - 2 + l**3 - 2*l - 2*l**2 - 2*l**2. Suppose 3*b + 4*t - 30 = -0*b, -b + 17 = -t. Let g = b + -11. Determine s(g).
-8
Suppose 2 = -4*k - 2. Let i(h) = -7*h + 1. Calculate i(k).
8
Let s(w) be the first derivative of 0*w**2 + 1/12*w**4 - 3 + 0*w + 1/120*w**5 - w**3. Let i(t) be the third derivative of s(t). Determine i(-3).
-1
Let u = -22 + 34. Suppose 0 = 14*l - 10*l - u. Let y(c) = c - 6. Determine y(l).
-3
Let d(i) = -11*i - 2. Let a(l) = -2*l**3 + l**2 + 4*l + 3. Let j be a(-1). What is d(j)?
-24
Let r(y) be the third derivative of y**6/15 - y**5/30 + y**4/12 - y**3/6 + y**2. Determine r(1).
7
Suppose r = -3*u + u - 6, -2*r + 12 = -2*u. Let l(s) be the second derivative of s - 1/6*s**4 - s**2 + 0 + 1/20*s**5 + 1/2*s**3. What is l(r)?
4
Let n(c) = c**3 + 8*c**2 + 3*c + 5. Let f(g) = -g**2 + g. Let y(b) = 2*f(b) + n(b). Let z = 1 - 6. Calculate y(z).
5
Let r be -3 - 4/(8/26). Let u be 0/(-3)*1 - r. Suppose -5*j = 3*m + m + u, -j - 3*m = 1. Let g(x) = -x**2 - 6*x - 4. Determine g(j).
4
Let z(q) be the third derivative of -q**7/840 + q**6/60 - q**5/20 + q**4/6 + 5*q**3/6 + 2*q**2. Let i(r) be the first derivative of z(r). Determine i(5).
-1
Let i = -3 + 5. Let y(u) = u**3 - i*u**2 + 2*u + 1 + 4*u**2 + 4*u**2 - 3*u**2. Calculate y(-3).
-5
Suppose 2*r + 0*m - 1 = -3*m, 3 = 2*r + 5*m. Let q(n) = n**3. Let o(w) = -6*w**2 - 3*w + 7. Let f(p) = r*q(p) + o(p). Calculate f(-5).
-3
Let r(h) = -h - 1 + 2*h + 6 - 6. Suppose 0*k = 2*k. Suppose 3*o - 2 - 1 = k. Determine r(o).
0
Let m(f) = 2*f + 6. Suppose 5*i + 38 = -c, 0 = -2*c + 5*c + 9. Give m(i).
-8
Let j = 1 - -22. Suppose 0 = 3*v + i + i + j, i = 4*v + 16. Let b(q) be the second derivative of -q**5/20 - q**4/3 + 5*q**3/6 + 5*q**2/2 - q. Calculate b(v).
5
Let q(t) = -2*t + 3. Let r(w) = w - 1. Let y(a) = -q(a) - r(a). What is y(7)?
5
Suppose 3*a - u + 0 = 2, 5*a = 4*u + 1. Let n(f) = -2 + f + 3*f + a. Suppose -h + 3 = 0, -m - 5*h - 3 = -20. Determine n(m).
7
Let u = -135 + 136. Let j(k) = 8*k**2 - 2*k + 1. Give j(u).
7
Let v be (-14)/(-14) - (2 + -2). Let d(u) = 12*u**3 + u - 1. Give d(v).
12
Let g(v) = -2*v + 4. Suppose 4*z - 9 - 15 = 0. Suppose 0*q - z = -3*q. Suppose 15 = -q*m - 3*m. Give g(m).
10
Let s(r) = -r - 21 + 10 + 7 + 0*r. Calculate s(0).